2 + 47*g + 224. Determine c(27).
35
Let o(n) = n**3 - 16*n**2 + 32*n - 26. Calculate o(14).
30
Let q(m) = -m**3 + 38*m**2 + 50*m - 235. Determine q(39).
194
Let k(o) = 6*o + 6. Give k(19).
120
Let x(s) = -s**3 + 88*s**2 - 848*s + 87. Give x(77).
10
Let s(f) = f**3 + 11*f**2 + 80*f + 28. What is s(-9)?
-530
Let d(j) = 2*j**2 - 64*j + 123. Determine d(30).
3
Let s(c) = 554*c - 11631. Give s(21).
3
Let l(g) = -6*g**2 + 8*g + 20. Give l(-4).
-108
Let v(l) = -l**2 - 59*l - 634. Determine v(-14).
-4
Let s(m) = 452*m + 4458. Determine s(-10).
-62
Let g(n) = 48*n + 501. What is g(-10)?
21
Let z(q) = 6*q**3 - 15*q**2 - 24*q + 65. Determine z(2).
5
Let u(v) = 21*v - 263. Calculate u(21).
178
Let a(v) = -2*v**2 - 3*v + 64. Give a(5).
-1
Let g(u) = -u**3 - 40*u**2 + 46*u + 94. Calculate g(-41).
-111
Let z(s) = 104*s - 380. Determine z(4).
36
Let q(x) = -2*x**2 + x + 23. Calculate q(-4).
-13
Let d(q) = -58*q + 2191. What is d(38)?
-13
Let x(b) = b**3 + 38*b**2 - 81*b - 32. Give x(-40).
8
Let i(q) = -12*q + 1. What is i(12)?
-143
Let s(g) = -g**2 + 41*g - 55. Calculate s(21).
365
Let o(u) = 2*u**3 + 54*u**2 - 161*u - 4339. Give o(-27).
8
Let t(h) = h**2 - 108*h + 2589. What is t(72)?
-3
Let o(d) = d**2 - 405*d - 5464. Determine o(-13).
-30
Let t(k) = -375*k + 14255. What is t(38)?
5
Let n(s) = s**3 + 86*s**2 - 2*s - 137. What is n(-86)?
35
Let r(m) = -20*m - 193. Give r(-8).
-33
Let h(b) = -b**3 + 10*b**2 - 4*b - 15. Give h(10).
-55
Let w(a) = -731*a - 1465. Give w(-2).
-3
Let i(f) = 3*f**3 - 42*f**2 + 135*f + 12. What is i(5)?
12
Let b(a) = -2*a**3 - 8*a**2 + 21*a - 5. Determine b(-6).
13
Let j(u) = -u**2 + 124*u - 1380. Calculate j(13).
63
Let l(n) = -n**3 + 10*n**2 - 10*n + 68. Determine l(6).
152
Let q(j) = -j**3 - 12*j**2 - 31*j - 423. What is q(-12)?
-51
Let s(o) = 11*o**2 + 10*o - 32. Determine s(-5).
193
Let d(c) = 4*c**2 + 142*c + 86. What is d(-27)?
-832
Let d(a) = a**2 + 6*a - 3. What is d(-2)?
-11
Let w(f) = 202*f - 1016. Calculate w(5).
-6
Let s(p) = -p**3 + 18*p**2 - 51*p + 21. What is s(5)?
91
Let n(a) = a**2 + 2*a + 39. Calculate n(-10).
119
Let k(p) = -p**3 - 2*p**2 - 4*p - 100. What is k(0)?
-100
Let d(c) = 45*c - 337. Determine d(11).
158
Let j(p) = -192*p + 18053. Give j(94).
5
Let u(n) = 2*n**2 + 322*n + 1591. Calculate u(-5).
31
Let o(a) = 29*a + 410. Determine o(-15).
-25
Let w(u) = -94*u**2 + 125*u - 124. Give w(1).
-93
Let n(u) = 20*u + 215. Give n(-12).
-25
Let d(p) = -15*p**3 + 4*p**2 + 2*p + 1. What is d(-2)?
133
Let s(f) = 58*f + 633. Determine s(-11).
-5
Let n(i) = 3*i + 339. Determine n(-117).
-12
Let x(m) = -27*m**2 + 1838*m - 131. Determine x(68).
5
Let m(l) = -2*l**3 + 66*l**2 - 60*l - 33. Give m(32).
95
Let a(o) = o**2 + 423*o + 7669. Give a(-19).
-7
Let t(u) = 2*u**3 - 8*u**2 - 94*u + 58. Determine t(9).
22
Let v(g) = -399*g - 22. Give v(-1).
377
Let j(c) = -206*c + 2275. Calculate j(11).
9
Let v(i) = 51*i - 191. Determine v(4).
13
Let t(q) = -13*q - 412. Determine t(-34).
30
Let m(k) = -2*k**2 + 23*k + 6. Give m(1).
27
Let a(g) = -6*g**3 + 67*g**2 - 13*g + 28. Determine a(11).
6
Let y(k) = -7*k**2 + 929*k - 4613. Determine y(5).
-143
Let l(h) = -12*h**2 - 16*h - 64. Calculate l(-7).
-540
Let p(c) = c**2 + 3*c - 168. Determine p(-10).
-98
Let f(y) = -12128*y + 145535. What is f(12)?
-1
Let q(h) = 991*h - 24772. Determine q(25).
3
Let f(l) = 4*l**3 - 2*l**2 + 4*l + 295. What is f(0)?
295
Let a(f) = -5*f**2 - 1031*f - 4039. Give a(-4).
5
Let n(z) = 25*z + 335. Calculate n(-14).
-15
Let j(v) = v**2 + 3*v - 98. Determine j(15).
172
Let a(y) = -y**3 + 12*y**2 + 29*y - 45. Determine a(-3).
3
Let u(d) = 66*d + 100. Calculate u(-3).
-98
Let n(x) = 3*x**2 + 139*x - 240. Determine n(-48).
0
Let f(n) = n**2 + 13*n - 5. Calculate f(-5).
-45
Let g(r) = 11*r**2 + 178*r - 14. Determine g(-18).
346
Let i(g) = -g**3 + 9*g**2 + 981*g - 7913. Determine i(8).
-1
Let u(r) = -253*r - 1230. What is u(-5)?
35
Let q(d) = d**2 - 19*d - 35. Determine q(20).
-15
Let z(g) = 35*g - 369. Calculate z(10).
-19
Let d(c) = c**3 - 7*c**2 + 2*c - 144. What is d(10)?
176
Let t(k) = 24*k**3 - 2038*k**2 - 171*k + 97. What is t(85)?
12
Let f(t) = 2*t**2 + 15*t + 6. Calculate f(-5).
-19
Let t(o) = -449*o + 16619. Determine t(37).
6
Let g(x) = -5*x**3 - 50*x**2 - 13*x + 14. Determine g(-9).
-274
Let x(o) = -15*o - 230. Give x(-23).
115
Let o(s) = 3*s**3 - 16*s**2 + 11*s + 9. What is o(4)?
-11
Let s(k) = -k**2 + 19*k - 53. Give s(4).
7
Let j(i) = 56*i + 3025. Give j(-61).
-391
Let t(w) = w**2 - 6*w - 10. What is t(17)?
177
Let a(j) = j**2 - 121*j + 1426. Determine a(14).
-72
Let x(f) = -35*f**2 - 160*f - 12. What is x(-4)?
68
Let d(a) = -15*a + 39. Determine d(9).
-96
Let n(g) = 5*g**3 - 4*g**2 - 11*g + 11. Calculate n(3).
77
Let i(z) = -111*z**2 + 2218*z + 49. Give i(20).
9
Let f(l) = -3*l**2 + 125*l - 431. Give f(38).
-13
Let d(o) = o**3 + 21*o**2 + 64*o + 273. Determine d(-19).
-221
Let d(i) = 39*i + 591. Give d(-19).
-150
Let t(v) = -v**3 + 5*v**2 - 356*v + 1414. What is t(4)?
6
Let b(h) = 73*h**2 + 17447*h + 3. What is b(-239)?
3
Let o(u) = -u**2 - 347*u - 3035. Determine o(-9).
7
Let o(h) = h**2 + 19*h - 687. What is o(30)?
783
Let r(p) = 2*p**2 - 71*p - 38. Calculate r(35).
-73
Let r(j) = j**3 + 29*j**2 - 3*j - 50. Determine r(-29).
37
Let y(i) = 1388*i - 34713. Calculate y(25).
-13
Let t(y) = y**3 + y**2 - 2*y - 99. Calculate t(0).
-99
Let h(k) = k**3 + 15*k**2 + 23*k + 9. What is h(-13)?
48
Let u(y) = -5*y**2 - y + 3. Give u(1).
-3
Let h(a) = 2*a**2 - 84*a + 122. Calculate h(41).
40
Let n(v) = -v**2 - 646*v - 12526. What is n(-20)?
-6
Let f(x) = x**3 + 7*x**2 + 16*x + 83. Give f(-5).
53
Let l(n) = -47*n - 149. What is l(-4)?
39
Let d(a) = -a**3 + 4*a**2 - 117*a + 226. Give d(2).
0
Let b(d) = -36*d - 3886. What is b(-109)?
38
Let r(j) = 6*j**3 - 9*j**2 + 2*j + 28. Calculate r(-3).
-221
Let k(f) = 52*f + 1083. Determine k(-21).
-9
Let k(l) = 6*l + 100. What is k(19)?
214
Let l(k) = 5*k**2 - 107*k + 60. Give l(21).
18
Let m(h) = -h**2 + 43*h - 429. Give m(29).
-23
Let m(j) = j**3 + 11*j**2 + 11*j - 17. Determine m(-10).
-27
Let q(a) = 1889*a - 205906. Give q(109).
-5
Let b(m) = 384*m + 4236. Give b(-11).
12
Let i(f) = -17*f**2 + 320*f + 17. Calculate i(19).
-40
Let a(z) = 2*z**3 - 23*z**2 - 23*z + 82. Give a(12).
-50
Let c(m) = -3*m**2 - 28*m + 27. Determine c(1).
-4
Let i(g) = 2*g**2 + 107*g + 893. Determine i(-43).
-10
Let d(w) = -w**3 + 48*w + 137. Determine d(8).
9
Let o(p) = -2*p**2 + 85*p - 878. What is o(24)?
10
Let o(z) = z**2 - 25*z + 15. Give o(10).
-135
Let q(y) = 12*y - 554. Give q(0).
-554
Let b(d) = d**3 + 49*d**2 + 186*d + 273. Determine b(-45).
3
Let o(f) = -34*f - 856. What is o(-25)?
-6
Let g(b) = b**3 - 229*b**2 + 1289*b + 10912. What is g(223)?
-15
Let n(p) = p**2 + 92*p - 819. Determine n(-100).
-19
Let z(u) = u**2 + 87*u + 1884. What is z(-41)?
-2
Let d(k) = -k**3 + 18*k**2 - 32*k + 2. Give d(15).
197
Let r(d) = 1295*d - 5164. Calculate r(4).
16
Let q(c) = -172*c + 3436. Give q(20).
-4
Let w(j) = -j**3 + 11*j**2 - 26*j + 7. Give w(8).
-9
Let z(w) = -w**3 - 34*w**2 - 93*w - 55. Calculate z(-2).
3
Let p(r) = 15*r**3 - 15*r**2 + 29*r + 1. Calculate p(2).
119
Let t(q) = -7*q**2 + 115*q + 962. Give t(-9).
-640
Let i(b) = -2*b**3 - 44*b**2 - 46*b - 93. Calculate i(-21).
-9
Let o(d) = d**3 - 4*d**2 - 12*d - 2. Calculate o(6).
-2
Let v(u) = u**3 + 6*u**2 + 76*u + 499. What is v(-6)?
43
Let m(u) = -2*u**2 + 243*u + 2832. What is m(-11)?
-83
Let w(d) = d**3 - 25*d**2 + 106*d + 26. What is w(18)?
-334
Let p(o) = 4*o**3 - 18*o + 22. What is p(0)?
22
Let m(k) = 23*k**2 + 110*k - 20. What is m(-5)?
5
Let i(j) = -233*j + 470. Determine i(2).
4
Let u(f) = 198*f + 16439. Determine u(-83).
5
Let c(a) = 2*a**3 + 12*a**2 + 9*a - 14. What is c(-8)?
-342
Let o(k) = 8*k - 311. Give o(39).
1
Let i(a) = 4*a + 59. Give i(-9).
23
Let w(g) = g**3 + 9*g**2 + 6*g - 15. Give w(-7).
41
Let k(w) = -w**3 - 11*w**2 - w + 17. Give k(-4).
-91
Let v(b) = 8*b**3 + 78*b**2 - 21*b - 3. Determine v(-10).
7
Let r(l) = l**3 - 108*l**2 + 613*l - 99. What is r(102)?
3
Let s(c) = -32*c**3 - 11*c**2 - 7*c + 3. Calculate s(-1).
31
Let y(i) = 4*i**2 + 7*i + 1. Calculate y(-4).
37
Let f(n) = 20*n - 1415. Calculate f(60).
-215
Let g(v) = -4*v**2 - 54*v - 216. Give g(-9).
-54
Let s(a)